- 78*o - 722. Let q be x(-11). Calculate the highest common divisor of y and q.
15
Suppose -8*j = -5*j - 276. Let l = -1 + 3. Suppose 3*p - 3*x = 66, 0 = -l*p + 5*x - 10*x + 51. Calculate the highest common divisor of p and j.
23
Let j(c) = c**3 + 10*c**2 + 7*c - 13. Let u(w) = -2*w - 25. Let q be u(-8). Let p be j(q). What is the greatest common divisor of 5 and p?
5
Suppose -3*u + 600 - 228 = 0. Calculate the highest common factor of 4 and u.
4
Suppose -2*m + 0*m = -y - 79, -3*y = -3. Let j be 8*(2 + 1)/3*2. What is the greatest common divisor of j and m?
8
Let g = 14 - -2. Let w be ((-120)/g)/(1/(-2)). What is the greatest common divisor of 30 and w?
15
Let f be (15 - 20)*(-64)/10. Calculate the highest common factor of f and 8.
8
Suppose -3*b + 24 = 5*p, -5*p + 32 = 4*b - 4*p. Let j be (-4)/(-1*1/16). What is the greatest common factor of b and j?
8
Suppose 0 = 3*z - 3*i - 18, 0 = i + 10 - 12. Let n(d) = -89*d - 1. Let l be n(-1). Calculate the highest common divisor of z and l.
8
Let f = 221 - 202. Calculate the greatest common factor of f and 133.
19
Suppose 15*o - 4*o = 264. Let u(y) = 11*y**2 - 2*y - 1. Let n be u(-1). What is the greatest common divisor of o and n?
12
Let f(h) be the second derivative of -h**3/3 + 10*h**2 + 9*h. Let p be f(6). Let l(n) = n - 8. Let a be l(10). Calculate the greatest common divisor of p and a.
2
Let s(d) = d**2 - 6*d + 9. Suppose k + 16 = 2*m - 0*k, 3*m + 5*k = -2. Let n be s(m). Calculate the highest common divisor of 45 and n.
9
Let d be 474/8 - ((-55)/20)/(-11). Let q = -52 + d. What is the greatest common divisor of q and 35?
7
Let f be 4/16*(12 - 0). Let n(o) = o**2 - 5 + 4 + 4 + f*o. Let t be n(-4). Calculate the highest common factor of t and 7.
7
Let g = 1167 + 81. What is the greatest common factor of g and 13?
13
Let o = 8 - 0. Let b(k) = -21*k - 2. Suppose -4*f - 2 = -3*f. Let c be b(f). Calculate the greatest common factor of c and o.
8
Suppose 0 = -s - 0*s + t + 3, 0 = 2*t + 2. Suppose -7 - 103 = -s*o. What is the highest common divisor of o and 5?
5
Suppose -2*n = 11 - 43. What is the greatest common divisor of 256 and n?
16
Suppose -67*z = -73*z + 4788. What is the greatest common divisor of 19 and z?
19
Let v = -49 - -75. Calculate the greatest common divisor of v and 130.
26
Let x be 14 - (0 - 3) - 9/3. Let j = 60 - 14. Suppose 4*z - j = x. What is the greatest common factor of z and 120?
15
Suppose 131*i + 204 = 133*i. What is the highest common divisor of 6 and i?
6
Let q = -160 + 412. Calculate the highest common factor of q and 72.
36
Let d(u) = -u**2 + u. Let z be ((-1)/4)/(1/(-4)). Let c be d(z). Suppose -14 = -4*h - 4*q - 2, c = -5*q. Calculate the greatest common divisor of 24 and h.
3
Let u = -23 - -7. Let m = u - -10. Let a = 8 + m. What is the highest common divisor of a and 2?
2
Suppose -4*o = -8*o + 20. Suppose u + 40 = o*a - 4*u, 5*u - 12 = a. What is the greatest common factor of 13 and a?
13
Suppose 1099 + 101 = 10*r. Calculate the greatest common divisor of r and 5.
5
Suppose 5*j + 440 = 49*j. What is the greatest common factor of j and 4?
2
Let s(p) = 53*p**2 - 37*p - 16. Let b be s(-7). Calculate the greatest common factor of 40 and b.
40
Let d = 34 - 17. Let w = 1058 - 973. Calculate the highest common factor of d and w.
17
Suppose -5*g - 497 = -527. Let q(o) = 15*o - 6. Let u be q(4). What is the greatest common factor of g and u?
6
Suppose -4*v + 174 = -2*y, -2*v + 7*v - 4*y = 222. What is the greatest common factor of 168 and v?
42
Let z = -6 - -12. Let l = -27 + 83. Let f be 992/l - (-4)/14. What is the highest common factor of f and z?
6
Let z be (54/(-4))/(3/(-6)). Suppose -2*j = 3*o - 51, -3*j + 123 = -4*o + 89. What is the greatest common factor of z and j?
9
Suppose 141*h - 151*h + 10810 = 0. Calculate the greatest common factor of 141 and h.
47
Let o be -2 + 50 - (-1 + 4). Let s = o + -36. Calculate the greatest common factor of 9 and s.
9
Let j be ((-6)/(-4))/(1090/436) + 52/5. Suppose o + 194 = 2*y, 4*y - 4*o = 8*y - 412. What is the greatest common factor of y and j?
11
Let q be (-72 - -63)/((-6)/20). Suppose -41 = -3*j + 4. Calculate the highest common factor of j and q.
15
Let r = 604 + -621. Let v(y) = 6*y**3 + 4*y**2 + y - 2. Let m be v(-2). Let q = r - m. Calculate the highest common divisor of 171 and q.
19
Let w = 1016 - 312. What is the highest common factor of 11 and w?
11
Let g(l) = -l + 1. Let j be g(5). Let d = 1 - j. Suppose 6*a = a - 5, -5*y + 196 = 4*a. What is the greatest common divisor of d and y?
5
Let d = 27 - -60. Let z = 101 - d. Calculate the highest common divisor of 154 and z.
14
Let u = -5 + 8. Suppose -u = 5*g - 123. What is the greatest common divisor of 4 and g?
4
Suppose -7 = -5*z + 8. Suppose z*m - 5*c - 257 = 0, -4*c + 2*c = 2*m - 166. Suppose -m = 3*d - 219. What is the highest common divisor of 18 and d?
9
Let k be (-2)/(-2)*(-21)/(-3). Let a be (-7)/k - 4/(-1). Suppose -2*x = -d + 26, -4*d - a*x = -4*x - 125. Calculate the highest common divisor of 80 and d.
16
Let t = 60 + -30. Suppose 43*f + 7*d = 39*f + 48, 0 = 2*d. What is the highest common factor of t and f?
6
Let j(u) = u**3 - 34*u**2 + 35*u - 18. Let l be j(33). What is the highest common divisor of l and 3?
3
Let z = 9 + 1. Let v(s) = s**2 + 7*s + 3. Let h be v(-3). Let r = z + h. Calculate the highest common factor of 2 and r.
1
Let t(b) = -5 + 2*b**2 + 16*b**3 - 25*b**3 + 4*b + 11*b**3. Let z be t(2). What is the highest common divisor of 81 and z?
27
Suppose 198 = -31*w + 626 + 254. Let o = 2 - 0. Calculate the greatest common divisor of w and o.
2
Let j(a) = 3*a + 33. Let p be j(-9). Calculate the greatest common factor of p and 186.
6
Let q = 97 - 55. Let o be -4 + (-16)/(-3) + (-70)/(-15). What is the highest common factor of o and q?
6
Let b(y) be the first derivative of -2*y**2 - y - 10. Let u be b(-9). Calculate the greatest common factor of 140 and u.
35
Let z = 392 - 293. What is the highest common divisor of z and 9?
9
Let o(h) = -h**3 + 4*h + 1. Let a(u) = -u**2 + u - 3. Let t be a(0). Let s be o(t). What is the greatest common factor of 40 and s?
8
Let p be (-305)/(-15) + (-2)/6. Let h = p - 22. Let b = h - -14. Calculate the greatest common factor of b and 36.
12
Suppose g = 0, 4*g + 5346 = 2*l + 3*g. Calculate the greatest common divisor of 99 and l.
99
Suppose -68 = 4*p + 44. Let m be (-2191)/p + (-1)/4. Suppose 13 - m = -5*q. What is the greatest common divisor of q and 91?
13
Suppose -5*m - 45 = -5*c, 0 = -m + 2*m - 4*c - 6. Let g be (-4)/(-8)*m*10/(-5). What is the greatest common divisor of g and 224?
14
Let w(g) = 10*g - 13. Let k be w(19). Calculate the greatest common factor of 3 and k.
3
Let v be -9 - (-13 - (-1 - 1)). Let j = 20 + -2. What is the greatest common divisor of v and j?
2
Suppose 134 - 230 = -6*s. Calculate the greatest common factor of 1000 and s.
8
Let j(q) = q**3 + 5*q**2 - 8*q - 9. Let t be j(-6). Let p(r) = -5*r + 13. Let n be p(6). Let y = 23 + n. Calculate the greatest common divisor of t and y.
3
Suppose -3 = -t - 0. Suppose -5*b = h - b - 22, -2*b = -t*h - 4. Let g be 9*6*1/h. Calculate the greatest common divisor of g and 27.
27
Let z = -1165 - -1606. Calculate the highest common factor of z and 9.
9
Let r = 168 - 343. Let g be r/(-5) - -3 - -4. What is the greatest common factor of g and 105?
21
Let d be (-12)/(-11)*((-18)/4 + 10). Suppose 4*s = -2*u, -7*s - 2*u + 2 = -2*s. Calculate the highest common divisor of d and s.
2
Let h(k) = -k**3 - 15*k**2 + 11*k - 32. Let y be h(-16). Let w = y - 33. Calculate the highest common factor of w and 5.
5
Let c = 276 - 164. Calculate the highest common factor of c and 14.
14
Let i(m) = 23*m**2 - 3*m - 14. Let g be i(-3). Let a = g - 90. Calculate the greatest common divisor of a and 14.
14
Let i(d) = -d**2 - 6*d - 2. Let x be i(-6). Let j = x - -2. Suppose -5*y + q + 99 + 39 = j, 4*q = 3*y - 93. Calculate the highest common factor of 9 and y.
9
Suppose -93 = -j - 4*z - 65, 3*j + 5*z = 119. Calculate the highest common factor of j and 138.
6
Suppose -4*c + 7*c = -3*k + 2088, -696 = -c - 2*k. Calculate the greatest common divisor of c and 29.
29
Suppose -7*x + 9 = 142. Let h = 138 + x. What is the greatest common divisor of 17 and h?
17
Let n(j) = -17*j + 33. Let b be n